44?
2
What is the units digit of 8517?
7
What is the hundreds digit of 533?
5
What is the hundreds digit of 17683?
6
What is the tens digit of 23195?
9
What is the units digit of 12895?
5
What is the hundreds digit of 642?
6
What is the thousands digit of 3194?
3
What is the hundreds digit of 1087?
0
What is the hundreds digit of 10038?
0
What is the tens digit of 1131?
3
What is the tens digit of 1087?
8
What is the units digit of 16809?
9
What is the thousands digit of 4170?
4
What is the units digit of 29296?
6
What is the units digit of 6892?
2
What is the ten thousands digit of 35866?
3
What is the thousands digit of 2377?
2
What is the hundreds digit of 4635?
6
What is the tens digit of 270?
7
What is the hundreds digit of 529?
5
What is the tens digit of 48162?
6
What is the units digit of 829?
9
What is the tens digit of 1573?
7
What is the units digit of 10223?
3
What is the thousands digit of 3193?
3
What is the hundreds digit of 10185?
1
What is the ten thousands digit of 71118?
7
What is the units digit of 25940?
0
What is the hundreds digit of 1668?
6
What is the units digit of 32305?
5
What is the units digit of 921?
1
What is the tens digit of 790?
9
What is the hundreds digit of 3180?
1
What is the thousands digit of 1146?
1
What is the units digit of 4693?
3
What is the tens digit of 6789?
8
What is the hundreds digit of 60620?
6
What is the hundreds digit of 122476?
4
What is the hundreds digit of 2299?
2
What is the thousands digit of 3850?
3
What is the units digit of 2865?
5
What is the hundreds digit of 1019?
0
What is the thousands digit of 1026?
1
What is the units digit of 3340?
0
What is the units digit of 485?
5
What is the hundreds digit of 39030?
0
What is the ten thousands digit of 77187?
7
What is the hundreds digit of 1495?
4
What is the tens digit of 16078?
7
What is the hundreds digit of 5462?
4
What is the tens digit of 313?
1
What is the units digit of 149?
9
What is the units digit of 462?
2
What is the units digit of 1403?
3
What is the hundreds digit of 3654?
6
What is the thousands digit of 12155?
2
What is the tens digit of 71936?
3
What is the tens digit of 1325?
2
What is the units digit of 10076?
6
What is the thousands digit of 23824?
3
What is the hundreds digit of 21466?
4
What is the thousands digit of 145515?
5
What is the hundreds digit of 1956?
9
What is the tens digit of 78646?
4
What is the tens digit of 6040?
4
What is the tens digit of 15548?
4
What is the units digit of 61785?
5
What is the thousands digit of 79168?
9
What is the thousands digit of 1392?
1
What is the hundreds digit of 2406?
4
What is the thousands digit of 3903?
3
What is the hundreds digit of 13193?
1
What is the units digit of 340?
0
What is the hundreds digit of 647?
6
What is the thousands digit of 19054?
9
What is the tens digit of 1185?
8
What is the tens digit of 2176?
7
What is the units digit of 1165?
5
What is the hundreds digit of 279?
2
What is the tens digit of 2772?
7
What is the hundreds digit of 5281?
2
What is the ten thousands digit of 17738?
1
What is the units digit of 28532?
2
What is the units digit of 254?
4
What is the tens digit of 145?
4
What is the units digit of 8621?
1
What is the tens digit of 1190?
9
What is the thousands digit of 65983?
5
What is the thousands digit of 16114?
6
What is the ten thousands digit of 114047?
1
What is the hundreds digit of 1291?
2
What is the tens digit of 931?
3
What is the hundreds digit of 343?
3
What is the thousands digit of 21356?
1
What is the units digit of 5502?
2
What is the hundreds digit of 2382?
3
What is the ten thousands digit of 26224?
2
What is the tens digit of 243?
4
What is the hundreds digit of 19225?
2
What is the ten thousands digit of 83595?
8
What is the units digit of 68995?
5
What is the units digit of 41610?
0
What is the tens digit of 188?
8
What is the hundreds digit of 1435?
4
What is the tens digit of 3268?
6
What is the thousands digit of 62807?
2
What is the units digit of 1120?
0
What is the tens digit of 1830?
3
What is the hundreds digit of 7908?
9
What is the units digit of 682?
2
What is the hundreds digit of 870?
8
What is the units digit of 2951?
1
What is the tens digit of 101612?
1
What is the units digit of 18097?
7
What is the tens digit of 181397?
9
What is the hundreds digit of 35543?
5
What is the hundreds digit of 3116?
1
What is the hundreds digit of 1287?
2
What is the tens digit of 371?
7
What is the hundreds digit of 10329?
3
What is the tens digit of 1438?
3
What is the units digit of 31141?
1
What is the thousands digit of 50695?
0
What is the units digit of 162690?
0
What is the units digit of 5332?
2
What is the tens digit of 2956?
5
What is the units digit of 10171?
1
What is the hundreds digit of 735?
7
What is the tens digit of 457?
5
What is the units digit of 94981?
1
What is the hundreds digit of 3327?
3
What is the ten thousands digit of 96204?
9
What is the tens digit of 11906?
0
What is the tens digit of 1576?
7
What is the thousands digit of 5295?
5
What is the tens digit of 9138?
3
What is the units digit of 886?
6
What is the hundreds digit of 2146?
1
What is the ten thousands digit of 17839?
1
What is the hundreds digit of 15958?
9
What is the thousands digit of 6260?
6
What is the tens digit of 1469?
6
What is the tens digit of 1621?
2
What is the units digit of 25129?
9
What is the tens digit of 6979?
7
What is the thousands digit of 3530?
3
What is the thousands digit of 38832?
8
What is the thousands digit of 3124?
3
What is the hundreds digit of 1251?
2
What is the thousands digit of 129801?
9
What is the units digit of 2375?
5
What is the tens digit of 19651?
5
What is the ten thousands digit of 80385?
8
What is the thousands digit of 4780?
4
What is the tens digit of 90719?
1
What is the tens digit of 293?
9
What is the tens digit of 13241?
4
What is the tens digit of 4540?
4
What is the tens digit of 31170?
7
What is the units digit of 41812?
2
What is the units digit of 6651?
1
What is the hundred thousands digit of 137184?
1
What is the tens digit of 2440?
4
What is the thousands digit of 85230?
5
What is the units digit of 1825?
5
What is the thousands digit of 2624?
2
What is the units digit of 8081?
1
What is the units digit of 68214?
4
What is the tens digit of 1407?
0
What is the tens digit of 6621?
2
What is the hundreds digit of 41010?
0
What is the tens digit of 1646?
4
What is the thousands digit of 80493?
0
What is the hundreds digit of 4957?
9
What is the hundreds digit of 2697?
6
What is the tens digit of 18?
1
What is the tens digit of 5980?
8
What is the thousands digit of 42727?
2
What is the thousands digit of 3304?
3
What is the tens digit of 710?
1
What is the thousands digit of 1148?
1
What is the hundreds digit of 26073?
0
What is the ten thousands digit of 35167?
3
What is the hundreds digit of 8785?
7
What is the hundreds digit of 46685?
6
What is the tens digit of 286?
8
What is the thousands digit of 122028?
2
What is the units digit of 34056?
6
What is the units digit of 107?
7
What is the hundreds digit of 24077?
0
What is the thousands digit of 2174?
2
What is the hundreds digit of 123238?
2
What is the thousands digit of 3483?
3
What is the hundreds digit of 21013?
0
What is the units digit of 2829?
9
What is the hundreds digit of 351?
3
What is the tens digit of 12?
1
What is the units digit of 10248?
8
What is the hundreds digit of 4188?
1
What is the units digit of 340?
0
What is the ten thousands digit of 55053?
5
What is the thousands digit of 7380?
7
What is the thousands digit of 2502?
2
What is the units digit of 43026?
6
What is the units digit of 39154?
4
What is the thousands digit of 134027?
4
What is the units digit of 1268?
8
What is the tens digit of 26190?
9
What is the thousands digit of 15817?
5
What is the tens digit of 35736?
3
What is the ten thousands digit of 103189?
0
What is the tens digit of 964?
6
What is the units digit of 1324?
4
What is the ten thousands digit of 60325?
6
What is the units digit of 17?
7
What is the units digit of 3968?
8
What is the hundreds digit of 2220?
2
What is the units digit of 145?
5
What is the units digit of 756?
6
What is the hundreds digit of 4047?
0
What is the units digit of 10841?
1
What 